e -6 + r = -t. What are the prime factors of t?
2, 3
Suppose 0 = 7*o - 674 - 614. List the prime factors of o.
2, 23
What are the prime factors of 6/(-3) - 7*-12?
2, 41
Let m(a) = -a**3 + 9*a**2 + 2*a - 10. Let d be (2 + -29)*(-2)/6. Suppose -j + 0*j = -d. List the prime factors of m(j).
2
Let p(k) = -k**3 - 7*k**2 - 12*k + 7. What are the prime factors of p(-7)?
7, 13
List the prime factors of ((-397)/(-7) - 4/(-14))*3.
3, 19
Suppose 0 = -5*a + 2*a - 15. List the prime factors of (17 - a) + 0/(-1).
2, 11
Let l(q) = -q**2 + 5. Let w be l(0). Suppose -4*f = w*d - 113, -2*d - 34 = -2*f - 0*d. List the prime factors of f.
2, 11
Let i(w) = -4*w**3 - w. Let h be i(-1). Suppose -128 - 52 = -h*j. What are the prime factors of j?
2, 3
Suppose -3*m + 46 = -2*m. Suppose 7*s - 4*s - 38 = -2*o, 4*s - m = 2*o. Suppose -2*q - q = -s. What are the prime factors of q?
2
Suppose j + 2*j - 45 = 0. Suppose 67 - j = 4*r. What are the prime factors of r?
13
Let b = 9 - 6. Suppose 18 = d - 5*p, b*d - 1 = -4*p - 4. List the prime factors of d.
3
Let m(f) = -f**2 + f + 4. Let s be m(5). Let n = -14 - s. List the prime factors of n.
2
Let a(s) = -2*s - 6. Let r be a(-4). Suppose r*h = 3*d + 113, d + 1 = -0*d. List the prime factors of h.
5, 11
Suppose 3*v + 8 = 38. Let h = -7 + v. Suppose -2*d + a + 10 = 3, 0 = -3*d - h*a + 33. What are the prime factors of d?
2, 3
Suppose 0 = -5*d + 5 + 15. Suppose -d + 10 = 2*j. List the prime factors of j.
3
Let s(q) = -44*q - 11. What are the prime factors of s(-3)?
11
Suppose 6 - 14 = 4*k. Let v(z) = -18*z - 2. What are the prime factors of v(k)?
2, 17
Let s(x) = -x**3 - 5*x**2 + 6*x + 5. Suppose -3*w - 30 = 2*w. Let j be s(w). Suppose -g = -5*v - 25, -3*v = j*g - g - 31. What are the prime factors of g?
2, 5
List the prime factors of -3 + 3 - (-52 + 4/4).
3, 17
Let l(j) = 4*j + 2. Let z be l(-4). Let s = -3 - z. What are the prime factors of s?
11
Let j be (8/20)/((-2)/(-10)). List the prime factors of j/4*2 + 9.
2, 5
Suppose r = -4*h - 19, 2*h - 3*r = -6 - 7. Let p = 3 - h. List the prime factors of p.
2
Suppose 4*f - 18 = 2*h - 44, -2*f + 2 = 2*h. Suppose -h*m - 34 + 14 = 0. List the prime factors of m/(-6) - 138/(-9).
2
Let a(f) = -16*f. Let t be a(-3). Let s = t + -31. Suppose -3*v = -3, 0*w + 4*w + v = s. What are the prime factors of w?
2
Let f(l) = 2*l**2 + 8*l + 5. What are the prime factors of f(4)?
3, 23
Let l(n) = n. Let a(x) = -6*x. Let r(o) = -a(o) - 5*l(o). Let q be r(2). What are the prime factors of (q/(-1))/((-3)/9)?
2, 3
List the prime factors of (-2 - (-94 - -4)) + -2.
2, 43
What are the prime factors of 224 - (3 + (-25)/5)?
2, 113
Suppose 3*i - 4 = i, -4*o - 3*i + 330 = 0. List the prime factors of o.
3
Suppose -p + 5*b + 362 = 0, -3*p + 1042 = -2*b - 2*b. What are the prime factors of p?
2, 3, 19
Suppose 5*a + 2*z - 142 = a, 108 = 3*a + z. List the prime factors of a.
37
Let y = -22 + 1. Let v be 3*(-1 + y/(-9)). Suppose 0 = 4*u - v*a - 48, -5*a = -u - u + 36. What are the prime factors of u?
2
Let v(n) = n**3 + 7*n**2 + 6*n + 1. List the prime factors of v(-4).
5
Let m = 119 + -9. What are the prime factors of m?
2, 5, 11
Let w = 34 - 20. Suppose 5*o + w = 79. List the prime factors of o.
13
Let l be (-3 - -3 - -4) + 0. Suppose l*m - 109 = 55. List the prime factors of m.
41
Suppose 0 = 2*a - a - 2. Suppose 0 = -b + a*b - 4. Suppose -b - 7 = -s. List the prime factors of s.
11
Suppose -2*q = -7*q + 270. What are the prime factors of q?
2, 3
Suppose -4*d + 76 = 6*y - 2*y, d + 37 = 3*y. List the prime factors of y.
2, 7
Let a(i) = 2*i**3 - 13*i**2 - 7*i + 5. List the prime factors of a(7).
5
Let m = 3 - -3. What are the prime factors of m?
2, 3
Let k(i) be the first derivative of 10*i**2 + 9*i - 4. Let s(f) = 30*f + 14. Let z(t) = -8*k(t) + 5*s(t). What are the prime factors of z(-2)?
2, 3
Let x(g) = 4*g**3 - 15*g**2 + 23*g + 8. Let n(b) = b**3 - 4*b**2 + 6*b + 2. Let h(q) = 9*n(q) - 2*x(q). List the prime factors of h(6).
2, 5
Let q be ((-18)/(-7))/(1/7). Let c = q - 3. List the prime factors of (c/2)/(-3)*-2.
5
Suppose o = 2*v + 110, o - 24 = -2*v + 78. List the prime factors of o.
2, 53
Suppose -202 = -7*f + 463. What are the prime factors of f?
5, 19
Let r(q) = -q**3 + 6*q**2 - q + 6. Let o be r(6). Let a = -3 + o. List the prime factors of a/(3/(-2)) - -6.
2
Suppose i + 14 = 5*i - 3*v, 3*i + 3*v = 0. Suppose i*u = -0*d - 2*d - 12, u = 3*d + 10. Let n = -2 - d. List the prime factors of n.
2
Let q(w) = w**2 - 6*w + 3. Let b be q(7). List the prime factors of (-38)/(-5) + 4/b.
2
Suppose 2*f = 2*w + 6*f - 26, w + f - 18 = 0. Suppose -w = -5*d + 37. What are the prime factors of d?
2, 3
Suppose -3*b - 39 = -g, -b = 2*g - 5*b - 76. What are the prime factors of g?
2, 3
Let r = -276 + 515. List the prime factors of r.
239
Let v(y) = y. Let i be v(-2). List the prime factors of -2 + 4 - (-21 + i).
5
Let i = 1 + 4. Suppose 8 = h + i*d - 3*d, 2*d - 22 = -2*h. List the prime factors of (-3)/(-21) + 40/h.
3
Let a(c) = -c**2 + 4*c - 3. Let j be a(6). Suppose 0 = -2*d + 5*d + 12. List the prime factors of (d/(-6))/((-5)/j).
2
Let i(f) = f + 33. List the prime factors of i(0).
3, 11
Let a be 2/6 - (-94)/6. Let m = a + -12. List the prime factors of m.
2
Let j = -121 + 538. What are the prime factors of j?
3, 139
Let n(w) = 5*w**3 + 4*w**2 - 2*w - 1. List the prime factors of n(2).
3, 17
Let z(y) = -y - 1. Let m(o) = -o + 6. Let r(c) = -m(c) + 6*z(c). List the prime factors of r(-9).
3, 11
Suppose -p - p - 5*r + 45 = 0, -2*r = -3*p + 39. Let w = 15 + -21. List the prime factors of (-2)/w + 115/p.
2
Suppose -y = -6*y - 45. Let q = 21 + y. List the prime factors of q.
2, 3
Let k be (-16)/56 - (-72)/7. Let u be (-4 + 2 - 0)*3. List the prime factors of -3*(k/u - -1).
2
Suppose 0 = 4*m + w - 23, -m + 14 = -w + 4*w. Suppose -d = m, 3*y + 8*d = 4*d + 85. List the prime factors of y.
5, 7
Suppose -2*w + g - 142 = -g, -2*g = -4*w - 276. Let d = w - -120. What are the prime factors of d?
53
Let a(s) = 2*s**2 + s. Let w be (-6)/4*4/(-6). Let t be a(w). Suppose -t*o - 2 = -17. What are the prime factors of o?
5
Suppose 0*a - 5*a = 0. Let r be 1/(a + 0 - 1). What are the prime factors of 1 + -2 + (-15)/r?
2, 7
Suppose 5*d - 362 = 283. What are the prime factors of d?
3, 43
Let q = 5 - -1. List the prime factors of q.
2, 3
Suppose 16 = 2*a - 190. What are the prime factors of a?
103
Suppose 127 = -5*v - 2*g, -5*v + v - 98 = -2*g. List the prime factors of (-254)/(-10) + 10/v.
5
Let h(t) = -t + 9. Let c be h(7). Suppose c*l - 9 = -4*a + 1, 0 = -5*l - 25. Suppose -a*d - 2*i = -44, -2*d = -i + 3*i - 14. List the prime factors of d.
2, 5
Suppose -h - 13 = -5*j, 0*h - 4*j = -3*h + 16. Suppose -2*c - 19 + 4 = 5*b, -6 = -c + 2*b. Suppose 3*z + 0*z - h = c. What are the prime factors of z?
2
Let f(b) = b + 14. Let d(z) = -6*z - 5. Let k(t) = 19*t + 15. Let u(p) = -7*d(p) - 2*k(p). Let q be u(-4). List the prime factors of f(q).
3
Let a(l) = l**3 + 8*l**2 + 7*l. Let n be a(-7). Let s(h) = h**3 + 23. List the prime factors of s(n).
23
Let o = -158 - -301. List the prime factors of o.
11, 13
Let a = 78 - 50. Suppose i + 2*i + a = 4*h, h - 3*i = 16. List the prime factors of 6/h - (-38)/4.
11
Let p = 9 + -4. Suppose -4*l = -t - 5, -6*l + 8 = 2*t - p*l. Suppose t*k - r - 15 = 0, -4*k - 4*r - 8 = -3*k. List the prime factors of k.
2
Let c = -607 + 858. What are the prime factors of c?
251
Let d(i) = -i**3 + 9*i**2 + 2*i - 2. Let a be d(9). Let g = a - 1. Let w = g - 7. What are the prime factors of w?
2
Let j(r) = 7*r**2. Let h be j(1). Let l(x) be the third derivative of x**4/12 - 7*x**3/6 + 7*x**2. What are the prime factors of l(h)?
7
Let m(d) = d**2 - d - 14. Let h = -6 - -6. Let r be m(h). Let l = -6 - r. List the prime factors of l.
2
Let k(a) = -6*a - 8. Let t(m) = -m**2 - 6*m. Let f be t(-7). What are the prime factors of k(f)?
2, 17
Let h(m) be the first derivative of -m**4/2 - 4*m**3/3 - m**2 + m - 1. List the prime factors of h(-2).
5
Let n(l) = 4*l. Let s be n(-1). Let o be (s - -1 - -6) + -3. List the prime factors of (4 - o) + (-2 - -5).
7
Let x(i) = 3*i + 8. What are the prime factors of x(8)?
2
Let q(k) = 22*k + 2. Let g be q(-2). Let c be -3*(g/9 + -2). Suppose 3*p - c = -2*p. List the prime factors of p.
2
Suppose 22*s = 2